*l**2 + 3. What is the units digit of p(t)?
5
Suppose 3*x - 3*z + 15 = 0, 0 = -4*x - z - 8 - 2. Let g(w) be the third derivative of -5*w**4/8 - w**3/3 - 3*w**2. What is the tens digit of g(x)?
4
Suppose 0*q - 4*q = -40. Suppose -2*l + s = -4*l - 2, 5*s + q = 3*l. Suppose -3*n - 2*h = -56, l = -5*n - h - h + 100. What is the tens digit of n?
2
Suppose -6*z + 102 = -126. What is the tens digit of z?
3
Let t = -1856 - -3239. What is the units digit of t?
3
Suppose f - 2*f - 3 = 0. Let i(j) = -j**2 - 3*j. Let y be i(f). What is the units digit of y + -1 + 22 + -3?
8
Suppose a = -0 + 4. Suppose a*g - 6 = 2. Suppose 8 = 5*w - g. What is the units digit of w?
2
What is the tens digit of (-890)/(-15) - ((-8)/12 - 0)?
6
Let h(y) = 6*y**2 - 4*y. Let d(m) = 6*m + 10. Let i be d(-7). Let c be (-3)/(-9) + i/(-12). What is the units digit of h(c)?
2
Let c(o) = o**3 - 3*o**2 + 2*o. Let j be c(2). Suppose j*g = -3*g + 2*w - 7, -2*g = -5*w - 10. Let m(r) = -2*r - 4. What is the units digit of m(g)?
6
Suppose 0 = -d + 3*u + 1099, 5*d + 0*d - 5*u = 5545. What is the units digit of d?
4
Let o(d) = 3*d**2 + 1. Let s be o(1). Suppose -y = i + 2*y - 11, -s*i + 44 = 4*y. Suppose i*a = 15*a - 88. What is the tens digit of a?
2
Let j be ((-6)/4)/(3/(-2)) + -1. Suppose j*v - 4*v + 100 = 0. What is the units digit of v?
5
Let j(u) be the first derivative of u**4/4 + 2*u**2 - 4*u - 22. What is the tens digit of j(4)?
7
Let k(i) = 6*i - 64. What is the units digit of k(41)?
2
Suppose 3*k + 3*g = 129, 2*k + 5*g + 49 = 3*k. Let o = 6 + k. What is the tens digit of o?
5
Suppose -35*q + 29*q + 3690 = 0. What is the units digit of q?
5
Let u(m) = 2*m + 14. Let q be u(-5). Suppose q*f = 2*f - 216. Let r = -62 - f. What is the units digit of r?
6
Let f(t) be the third derivative of t**5/20 - 2*t**4/3 - t**3 + 25*t**2. What is the tens digit of f(10)?
3
Let j(c) = 4*c + 31. Let q be j(-13). Let y = 52 - q. What is the units digit of y?
3
Let h = 2964 - 1522. What is the tens digit of h?
4
Let f(i) = -73*i. Let m = 9 + -10. Let x be f(m). Let o = x + -39. What is the units digit of o?
4
Let v(h) = -h**3 - 10*h**2 - 3*h - 21. Let k be v(-10). Suppose 6*t = k*t + 42. Let q = 96 + t. What is the tens digit of q?
8
Let g(s) be the second derivative of 1/4*s**4 + 0 - 1/6*s**3 - s**2 + 3*s. What is the units digit of g(2)?
8
Suppose 4*f - 2*f = 136. Suppose -q + 0*q = -5. Suppose -y - i + f = 2*y, 87 = 4*y + q*i. What is the units digit of y?
3
Suppose 6*v - 8*v = 0. Suppose -4*i + 5*h + 30 = v, 4*i - 3*i - 3 = -h. Suppose -2*a + 52 = i*t - 104, -t + 367 = 5*a. What is the tens digit of a?
7
Suppose -7*n + 344 = -1014. What is the units digit of n?
4
What is the units digit of (9/(108/(-138)))/(1/(-2))?
3
Suppose -2*t - 4*d = -9*d - 199, t - 3*d - 100 = 0. Let p(o) = 5*o**2 - 89*o + 2. Let v be p(17). Let y = t + v. What is the units digit of y?
1
Let x(z) = -z**2 + 11*z - 23. Let w be x(7). Let m(v) = -v**3 + 7*v**2 + v + 4. What is the units digit of m(w)?
9
Suppose -284897 = -97*r - 61506. What is the hundreds digit of r?
3
Suppose 5 = 3*l - 2*l. Suppose 2*p + 0*p + 82 = 2*t, 0 = 3*t - l*p - 127. What is the tens digit of t?
3
Let w(t) = t**3 + 6*t**2 - 5*t - 9. Let u be (-4)/(32/(-76))*-2. Let d = u + 13. What is the units digit of w(d)?
1
Suppose -3*f + 24 = -0*f. Suppose 3*s - f = 16. What is the units digit of s?
8
Suppose -282 = 67*s - 70*s. What is the tens digit of s?
9
Let o = 2318 - 1283. What is the hundreds digit of o?
0
Suppose -g = 4*y - 2907, 5*y + 3*g = -g + 3620. What is the tens digit of y?
2
Let f be (66/12)/((-2)/4). Let q be f/(-2) + 1/(-2). Suppose q*t = -s + 18, 0 = -4*s + 3*t + 2 + 1. What is the units digit of s?
3
Let q(o) = -23*o**3 - 11*o**2 + 2*o - 9. Let r(u) = -11*u**3 - 6*u**2 + u - 5. Let m(y) = 6*q(y) - 11*r(y). What is the tens digit of m(-1)?
1
Suppose 4*n - 772 = -r, 5*n + 40 = 5*r + 980. Suppose -11*w + n = -8*w. What is the units digit of w?
4
Suppose i = -2*i + 108. Suppose -d + 2*g + i = 5*g, 3*d - 60 = 3*g. Suppose d = 4*m - 20. What is the tens digit of m?
1
Let v = 1134 - 1121. What is the tens digit of v?
1
Suppose 39*p - 81*p = -3528. What is the units digit of p?
4
Suppose 2*s + 0 - 4 = 0. Suppose 3*k - 11 + s = 0. What is the units digit of k?
3
Suppose -3*l - 11 = -143. Let c = l + -13. Suppose -3*t = 2*y - c, -5*t + 12 = y - 0*t. What is the units digit of y?
7
What is the tens digit of (-6)/(-1) + (-13 - -8091)/14?
8
Let h(y) = -y**3 + y**2 + 7*y + 7. Let k be 12/(-9)*3/2*2. What is the units digit of h(k)?
9
Let k = -23 + -63. Let c = k + 22. What is the tens digit of (c/(-6))/((-4)/(-6))?
1
Let l be -9*(4 - 5)*-1. Let v = 67 + l. What is the tens digit of v?
5
Suppose -7*m + 1777 + 715 = 0. What is the units digit of m?
6
Let s be (-1)/(-2)*8 + -2. Let h(l) = -244*l + 242*l + 4*l**2 + 42*l**s. What is the units digit of h(1)?
4
Suppose 0 = 4*w - 2*v - 17964, 3*w + v - 6812 = 6666. What is the thousands digit of w?
4
Let a(c) = -3*c + 35. Let b be a(15). Let n(f) = -f**3 - 10*f**2 + f + 24. What is the units digit of n(b)?
4
Let b be 61*(2 - (-9)/(-3)). Let z = 6 - b. What is the units digit of z?
7
Let k(g) = 4*g - 16. Let u be k(5). What is the tens digit of (27 + 0)/(6/u)?
1
Let y be (2 - 2)/3 + -2. Let w be y/(-12) + 138/36. Let g = 11 + w. What is the units digit of g?
5
Let s(j) = -j**3 + 20*j**2 + 9*j - 24. What is the units digit of s(17)?
6
Let m = -278 + 383. What is the tens digit of m?
0
Let f = -460 - -746. What is the units digit of f?
6
Let q(m) = 12*m**2 - 18*m - 145. What is the units digit of q(-16)?
5
Let z = -2 + -10. Let a(u) = 12*u + 3. Let g be a(3). Let r = g + z. What is the units digit of r?
7
Suppose 4*p = -2*i + 3*p + 3255, -3*p - 6525 = -4*i. What is the hundreds digit of i?
6
What is the hundreds digit of 19736/16 + (-3 - 28/(-8))?
2
Suppose -2 = -4*t - 14, 0 = 5*z + 2*t - 2039. What is the hundreds digit of z?
4
Let n = -54 - -59. Suppose 3*q - 704 = 5*u, 0*u + n*u = -3*q + 724. What is the units digit of q?
8
Let n(a) = 2*a**2 - 6*a + 12. Let r be n(6). Suppose 5*d = r + 67. What is the units digit of d?
3
Let m(q) = -4 + 10 - 3*q + 0. Let k be m(4). Let w = k + 12. What is the units digit of w?
6
Let b = -17 - -22. Let q be (2*b)/((-5)/(-5)). Let t = q + 0. What is the units digit of t?
0
What is the tens digit of -403*(0 + 2)*(-7)/14?
0
What is the tens digit of 579/(-3*(-3)/9)?
7
Let u(b) = 2581*b**2 - 5*b - 5. What is the units digit of u(-1)?
1
Let x = -215 - -565. What is the hundreds digit of x?
3
Suppose 0 = 2*u + 2*u - 104. What is the tens digit of 6*(u/4 + -2)?
2
Suppose 3*l - 2*l - 28 = 0. Suppose -12 = 4*w - l. Suppose m = -3*u + 7*u - 34, -w*m - 1 = -u. What is the units digit of u?
9
Suppose 2*i - 4*j - 322 = 0, -j = -3*i + 90 + 408. What is the units digit of i?
7
Suppose -6*v = -5*v - 29. Suppose 11 + v = 2*h. What is the tens digit of 0 + (-3)/((-6)/h)?
1
Suppose 3*g - 5*p + 141 - 13427 = 0, -2*g = 2*p - 8884. What is the tens digit of g?
3
Let r = -16 + 22. Let k(u) = -u**2 + 7*u + 4. Let n be k(r). Let p(h) = -h**2 + 13*h + 2. What is the tens digit of p(n)?
3
Suppose 11*z = 8*z + 156. Suppose -4*p + 4*u + 29 = -p, -4*p + z = -2*u. What is the units digit of p?
5
Suppose 3*m + 25 = 3*x - m, -4*x + 16 = -m. Suppose j - 3*j - 880 = -x*h, 0 = j - 4. What is the tens digit of h?
9
Suppose 3*g + 2*m = 533, 4*g - 724 = -0*g + 4*m. What is the units digit of g?
9
Let n be 1*-4*25/(-20). Let r = n + -2. Let u = r - -20. What is the tens digit of u?
2
Suppose 5*m = 4*k - 27, k + 3*k + 5*m = -3. Suppose 51 = 5*w + s, -2*w + k*w - 3*s - 23 = 0. Suppose w*a = 4*a + 245. What is the tens digit of a?
3
Let s be (-46)/(-6) + (-6)/9. Suppose 3*b + 20 = s*b. Let v = 15 + b. What is the tens digit of v?
2
Suppose 4*y = -5*v + 6 + 10, 0 = 5*y + 5. Let z(q) = 2*q - 1. Let h(l) = -l**2 + 8*l - 2. Let f(n) = -2*h(n) + 6*z(n). What is the tens digit of f(v)?
1
Let w be ((8/(-6))/2)/((-3)/(-18)). Let r(d) = 2*d**2 + 5*d + 3. Let x(n) = 6*n**2 + 16*n + 10. Let c(u) = 7*r(u) - 2*x(u). What is the tens digit of c(w)?
2
Suppose 0 = 9*j - 1541 - 25. What is the units digit of j?
4
Let n(j) = 21*j**2 + 7*j + 7. What is the tens digit of n(4)?
7
Let b = -11 + 11. Suppose 4*o - 3*u = u - 36, 4*o + 4*u + 12 = b